{"id":136,"date":"2015-05-15T09:58:21","date_gmt":"2015-05-15T09:58:21","guid":{"rendered":"https:\/\/cirp.unipv.it\/?page_id=136"},"modified":"2019-05-06T08:50:07","modified_gmt":"2019-05-06T08:50:07","slug":"convegno-napoli-1984","status":"publish","type":"page","link":"https:\/\/cirp.unipv.it\/?page_id=136","title":{"rendered":"Convegno Napoli 1984"},"content":{"rendered":"<p><strong>1984 \u2013 NAPOLI (III) \u201cConvegno sulle reazioni pericicliche\u201d<\/strong><br \/>\n1984 \u2013 NAPOLI (III) \u201cConvegno sulle reazioni pericicliche\u201dNapoli, 15-16 Ottobre 1984<br \/>\nChairman: Rachele Scarpati<br \/>\nOspiti: V. J\u00e4ger (Universit\u00e4t W\u00fcrzburg, Germania), Robert Carri\u00e9 (Universit\u00e9 de Rennes, Francia)<\/p>\n<p><a href=\"https:\/\/cirp.unipv.it\/wp-content\/uploads\/2015\/05\/programma-Napoli-19841.pdf\">programma Napoli 1984<\/a><\/p>\n","protected":false},"excerpt":{"rendered":"<p>1984 \u2013 NAPOLI (III) \u201cConvegno sulle reazioni pericicliche\u201d 1984 \u2013 NAPOLI (III) \u201cConvegno sulle reazioni pericicliche\u201dNapoli, 15-16 Ottobre 1984 Chairman: Rachele Scarpati Ospiti: V. J\u00e4ger (Universit\u00e4t W\u00fcrzburg, Germania), Robert Carri\u00e9 (Universit\u00e9 de Rennes, Francia)&#46;&#46;&#46;<\/p>\n","protected":false},"author":1,"featured_media":0,"parent":101,"menu_order":0,"comment_status":"open","ping_status":"closed","template":"","meta":[],"_links":{"self":[{"href":"https:\/\/cirp.unipv.it\/index.php?rest_route=\/wp\/v2\/pages\/136"}],"collection":[{"href":"https:\/\/cirp.unipv.it\/index.php?rest_route=\/wp\/v2\/pages"}],"about":[{"href":"https:\/\/cirp.unipv.it\/index.php?rest_route=\/wp\/v2\/types\/page"}],"author":[{"embeddable":true,"href":"https:\/\/cirp.unipv.it\/index.php?rest_route=\/wp\/v2\/users\/1"}],"replies":[{"embeddable":true,"href":"https:\/\/cirp.unipv.it\/index.php?rest_route=%2Fwp%2Fv2%2Fcomments&post=136"}],"version-history":[{"count":3,"href":"https:\/\/cirp.unipv.it\/index.php?rest_route=\/wp\/v2\/pages\/136\/revisions"}],"predecessor-version":[{"id":224,"href":"https:\/\/cirp.unipv.it\/index.php?rest_route=\/wp\/v2\/pages\/136\/revisions\/224"}],"up":[{"embeddable":true,"href":"https:\/\/cirp.unipv.it\/index.php?rest_route=\/wp\/v2\/pages\/101"}],"wp:attachment":[{"href":"https:\/\/cirp.unipv.it\/index.php?rest_route=%2Fwp%2Fv2%2Fmedia&parent=136"}],"curies":[{"name":"wp","href":"https:\/\/api.w.org\/{rel}","templated":true}]}}